{"id":798,"date":"2024-02-29T17:30:55","date_gmt":"2024-02-29T16:30:55","guid":{"rendered":"https:\/\/boutique-neya.com\/shop\/produit\/chauffe-plat-sans-parfum\/"},"modified":"2024-03-01T11:10:13","modified_gmt":"2024-03-01T10:10:13","slug":"chauffe-plat-sans-parfum","status":"publish","type":"product","link":"https:\/\/boutique-neya.com\/shop\/produit\/chauffe-plat-sans-parfum\/","title":{"rendered":"Chauffe-Plat &#8211; Sans parfum"},"content":{"rendered":"<p>Optez pour la pure \u00e9l\u00e9gance avec notre chauffe-plat sans parfum. Chaque cr\u00e9ation artisanale, coul\u00e9e \u00e0 la main avec une m\u00e8che 100% coton, incarne la simplicit\u00e9 raffin\u00e9e. Notre cire naturelle vegane, sans paraben, offre une exp\u00e9rience sobre. Con\u00e7ue avec le m\u00eame soin que nos chauffe-plats parfum\u00e9s, ce chauffe-plat diffuse une lumi\u00e8re chaleureuse et apaisante. Avec 21g de cire, profitez d&rsquo;un br\u00fblage prolong\u00e9 de pr\u00e8s de 4h, cr\u00e9ant une ambiance subtile et intemporelle.<\/p>\n","protected":false},"excerpt":{"rendered":"<p>Optez pour la pure \u00e9l\u00e9gance avec notre chauffe-plat sans parfum. Chaque cr\u00e9ation artisanale, coul\u00e9e \u00e0 la main avec une m\u00e8che 100% coton, incarne la simplicit\u00e9 raffin\u00e9e. Notre cire naturelle vegane, sans paraben, offre une exp\u00e9rience sobre. Con\u00e7ue avec le m\u00eame soin que nos chauffe-plats parfum\u00e9s, ce chauffe-plat diffuse une lumi\u00e8re chaleureuse et apaisante. Avec 21g [&#8230;]\n","protected":false},"featured_media":783,"comment_status":"open","ping_status":"closed","template":"","meta":[],"product_cat":[76],"product_tag":[],"class_list":{"0":"post-798","1":"product","2":"type-product","3":"status-publish","4":"has-post-thumbnail","6":"product_cat-chauffe-plats","8":"first","9":"instock","10":"taxable","11":"shipping-taxable","12":"purchasable","13":"product-type-simple"},"_links":{"self":[{"href":"https:\/\/boutique-neya.com\/shop\/wp-json\/wp\/v2\/product\/798","targetHints":{"allow":["GET"]}}],"collection":[{"href":"https:\/\/boutique-neya.com\/shop\/wp-json\/wp\/v2\/product"}],"about":[{"href":"https:\/\/boutique-neya.com\/shop\/wp-json\/wp\/v2\/types\/product"}],"replies":[{"embeddable":true,"href":"https:\/\/boutique-neya.com\/shop\/wp-json\/wp\/v2\/comments?post=798"}],"wp:featuredmedia":[{"embeddable":true,"href":"https:\/\/boutique-neya.com\/shop\/wp-json\/wp\/v2\/media\/783"}],"wp:attachment":[{"href":"https:\/\/boutique-neya.com\/shop\/wp-json\/wp\/v2\/media?parent=798"}],"wp:term":[{"taxonomy":"product_cat","embeddable":true,"href":"https:\/\/boutique-neya.com\/shop\/wp-json\/wp\/v2\/product_cat?post=798"},{"taxonomy":"product_tag","embeddable":true,"href":"https:\/\/boutique-neya.com\/shop\/wp-json\/wp\/v2\/product_tag?post=798"}],"curies":[{"name":"wp","href":"https:\/\/api.w.org\/{rel}","templated":true}]}}