{"id":795,"date":"2024-02-29T17:21:47","date_gmt":"2024-02-29T16:21:47","guid":{"rendered":"https:\/\/boutique-neya.com\/shop\/produit\/chauffe-plat-jardin-secret\/"},"modified":"2024-03-01T11:10:13","modified_gmt":"2024-03-01T10:10:13","slug":"chauffe-plat-jardin-secret","status":"publish","type":"product","link":"https:\/\/boutique-neya.com\/shop\/produit\/chauffe-plat-jardin-secret\/","title":{"rendered":"Chauffe-Plat &#8211; Jardin Secret"},"content":{"rendered":"<p>Explorez un univers de myst\u00e8re avec Jardin Secret, une harmonie d&rsquo;Abricot Romarin, Jasmin et Sauge Basilic Menthe. Chaque chauffe-plat est une \u0153uvre artisanale, coul\u00e9e \u00e0 la main avec une m\u00e8che 100% coton, r\u00e9v\u00e9lant un jardin secret olfactif. Laissez-vous guider par notre cire naturelle vegane et les parfums envo\u00fbtants de Grasse.<br \/>\nGr\u00e2ce \u00e0 ses 21g de cire, profitez d&rsquo;un br\u00fblage prolong\u00e9 de pr\u00e8s de 4h pour chaque chauffe-plat !<\/p>\n","protected":false},"excerpt":{"rendered":"<p>Explorez un univers de myst\u00e8re avec Jardin Secret, une harmonie d&rsquo;Abricot Romarin, Jasmin et Sauge Basilic Menthe. Chaque chauffe-plat est une \u0153uvre artisanale, coul\u00e9e \u00e0 la main avec une m\u00e8che 100% coton, r\u00e9v\u00e9lant un jardin secret olfactif. Laissez-vous guider par notre cire naturelle vegane et les parfums envo\u00fbtants de Grasse. Gr\u00e2ce \u00e0 ses 21g de [&#8230;]\n","protected":false},"featured_media":783,"comment_status":"open","ping_status":"closed","template":"","meta":[],"product_cat":[76],"product_tag":[],"class_list":{"0":"post-795","1":"product","2":"type-product","3":"status-publish","4":"has-post-thumbnail","6":"product_cat-chauffe-plats","8":"first","9":"instock","10":"taxable","11":"shipping-taxable","12":"purchasable","13":"product-type-simple"},"_links":{"self":[{"href":"https:\/\/boutique-neya.com\/shop\/wp-json\/wp\/v2\/product\/795","targetHints":{"allow":["GET"]}}],"collection":[{"href":"https:\/\/boutique-neya.com\/shop\/wp-json\/wp\/v2\/product"}],"about":[{"href":"https:\/\/boutique-neya.com\/shop\/wp-json\/wp\/v2\/types\/product"}],"replies":[{"embeddable":true,"href":"https:\/\/boutique-neya.com\/shop\/wp-json\/wp\/v2\/comments?post=795"}],"wp:featuredmedia":[{"embeddable":true,"href":"https:\/\/boutique-neya.com\/shop\/wp-json\/wp\/v2\/media\/783"}],"wp:attachment":[{"href":"https:\/\/boutique-neya.com\/shop\/wp-json\/wp\/v2\/media?parent=795"}],"wp:term":[{"taxonomy":"product_cat","embeddable":true,"href":"https:\/\/boutique-neya.com\/shop\/wp-json\/wp\/v2\/product_cat?post=795"},{"taxonomy":"product_tag","embeddable":true,"href":"https:\/\/boutique-neya.com\/shop\/wp-json\/wp\/v2\/product_tag?post=795"}],"curies":[{"name":"wp","href":"https:\/\/api.w.org\/{rel}","templated":true}]}}