{"id":646,"date":"2024-02-19T19:37:31","date_gmt":"2024-02-19T18:37:31","guid":{"rendered":"https:\/\/boutique-neya.com\/shop\/produit\/diffuseur-de-parfum-roses-eternelles\/"},"modified":"2024-02-19T19:48:39","modified_gmt":"2024-02-19T18:48:39","slug":"diffuseur-de-parfum-roses-eternelles","status":"publish","type":"product","link":"https:\/\/boutique-neya.com\/shop\/produit\/diffuseur-de-parfum-roses-eternelles\/","title":{"rendered":"Diffuseur de Parfum &#8211; Roses \u00c9ternelles"},"content":{"rendered":"<p>Plongez dans un jardin de beaut\u00e9 intemporelle avec notre Diffuseur de Parfum \u00ab\u00a0Roses \u00c9ternelles\u00a0\u00bb. Lib\u00e9rez d\u00e9licatement les notes romantiques de Bergamote, de Patchouli et de Rose. Sans alcool, sans OGM et 100% v\u00e9gan, ce diffuseur est fabriqu\u00e9 \u00e0 la main, alliant modernit\u00e9 et respect de l&rsquo;environnement. Les parfums de Grasse, en France, ajoutent une touche de gr\u00e2ce et de sophistication \u00e0 votre espace.<\/p>\n","protected":false},"excerpt":{"rendered":"<p>Plongez dans un jardin de beaut\u00e9 intemporelle avec notre Diffuseur de Parfum \u00ab\u00a0Roses \u00c9ternelles\u00a0\u00bb. Lib\u00e9rez d\u00e9licatement les notes romantiques de Bergamote, de Patchouli et de Rose. Sans alcool, sans OGM et 100% v\u00e9gan, ce diffuseur est fabriqu\u00e9 \u00e0 la main, alliant modernit\u00e9 et respect de l&rsquo;environnement. Les parfums de Grasse, en France, ajoutent une touche [&#8230;]\n","protected":false},"featured_media":411,"comment_status":"open","ping_status":"closed","template":"","meta":[],"product_cat":[70],"product_tag":[],"class_list":{"0":"post-646","1":"product","2":"type-product","3":"status-publish","4":"has-post-thumbnail","6":"product_cat-diffuseurs-de-parfum","8":"first","9":"instock","10":"taxable","11":"shipping-taxable","12":"purchasable","13":"product-type-simple"},"_links":{"self":[{"href":"https:\/\/boutique-neya.com\/shop\/wp-json\/wp\/v2\/product\/646","targetHints":{"allow":["GET"]}}],"collection":[{"href":"https:\/\/boutique-neya.com\/shop\/wp-json\/wp\/v2\/product"}],"about":[{"href":"https:\/\/boutique-neya.com\/shop\/wp-json\/wp\/v2\/types\/product"}],"replies":[{"embeddable":true,"href":"https:\/\/boutique-neya.com\/shop\/wp-json\/wp\/v2\/comments?post=646"}],"wp:featuredmedia":[{"embeddable":true,"href":"https:\/\/boutique-neya.com\/shop\/wp-json\/wp\/v2\/media\/411"}],"wp:attachment":[{"href":"https:\/\/boutique-neya.com\/shop\/wp-json\/wp\/v2\/media?parent=646"}],"wp:term":[{"taxonomy":"product_cat","embeddable":true,"href":"https:\/\/boutique-neya.com\/shop\/wp-json\/wp\/v2\/product_cat?post=646"},{"taxonomy":"product_tag","embeddable":true,"href":"https:\/\/boutique-neya.com\/shop\/wp-json\/wp\/v2\/product_tag?post=646"}],"curies":[{"name":"wp","href":"https:\/\/api.w.org\/{rel}","templated":true}]}}