{"id":643,"date":"2024-02-19T19:37:31","date_gmt":"2024-02-19T18:37:31","guid":{"rendered":"https:\/\/boutique-neya.com\/shop\/produit\/diffuseur-de-parfum-jardin-secret\/"},"modified":"2024-02-19T19:49:14","modified_gmt":"2024-02-19T18:49:14","slug":"diffuseur-de-parfum-jardin-secret","status":"publish","type":"product","link":"https:\/\/boutique-neya.com\/shop\/produit\/diffuseur-de-parfum-jardin-secret\/","title":{"rendered":"Diffuseur de Parfum &#8211; Jardin Secret"},"content":{"rendered":"<p>D\u00e9couvrez la magie de notre Diffuseur de Parfum \u00ab\u00a0Jardin Secret\u00a0\u00bb. Lib\u00e9rez l&rsquo;alliance s\u00e9duisante d&rsquo;Abricot Romarin, de Jasmin et de Sauge Basilic Menthe. Sans alcool, sans OGM et 100% v\u00e9gan, ce diffuseur est con\u00e7u avec soin et fabriqu\u00e9 \u00e0 la main, alliant modernit\u00e9 et respect de l&rsquo;environnement. Les parfums de Grasse, en France, ajoutent une touche envo\u00fbtante \u00e0 votre espace.<\/p>\n","protected":false},"excerpt":{"rendered":"<p>D\u00e9couvrez la magie de notre Diffuseur de Parfum \u00ab\u00a0Jardin Secret\u00a0\u00bb. Lib\u00e9rez l&rsquo;alliance s\u00e9duisante d&rsquo;Abricot Romarin, de Jasmin et de Sauge Basilic Menthe. Sans alcool, sans OGM et 100% v\u00e9gan, ce diffuseur est con\u00e7u avec soin et fabriqu\u00e9 \u00e0 la main, alliant modernit\u00e9 et respect de l&rsquo;environnement. Les parfums de Grasse, en France, ajoutent une touche [&#8230;]\n","protected":false},"featured_media":415,"comment_status":"open","ping_status":"closed","template":"","meta":[],"product_cat":[70],"product_tag":[],"class_list":{"0":"post-643","1":"product","2":"type-product","3":"status-publish","4":"has-post-thumbnail","6":"product_cat-diffuseurs-de-parfum","8":"first","9":"instock","10":"taxable","11":"shipping-taxable","12":"purchasable","13":"product-type-simple"},"_links":{"self":[{"href":"https:\/\/boutique-neya.com\/shop\/wp-json\/wp\/v2\/product\/643","targetHints":{"allow":["GET"]}}],"collection":[{"href":"https:\/\/boutique-neya.com\/shop\/wp-json\/wp\/v2\/product"}],"about":[{"href":"https:\/\/boutique-neya.com\/shop\/wp-json\/wp\/v2\/types\/product"}],"replies":[{"embeddable":true,"href":"https:\/\/boutique-neya.com\/shop\/wp-json\/wp\/v2\/comments?post=643"}],"wp:featuredmedia":[{"embeddable":true,"href":"https:\/\/boutique-neya.com\/shop\/wp-json\/wp\/v2\/media\/415"}],"wp:attachment":[{"href":"https:\/\/boutique-neya.com\/shop\/wp-json\/wp\/v2\/media?parent=643"}],"wp:term":[{"taxonomy":"product_cat","embeddable":true,"href":"https:\/\/boutique-neya.com\/shop\/wp-json\/wp\/v2\/product_cat?post=643"},{"taxonomy":"product_tag","embeddable":true,"href":"https:\/\/boutique-neya.com\/shop\/wp-json\/wp\/v2\/product_tag?post=643"}],"curies":[{"name":"wp","href":"https:\/\/api.w.org\/{rel}","templated":true}]}}