{"id":815,"date":"2024-03-03T14:46:03","date_gmt":"2024-03-03T13:46:03","guid":{"rendered":"https:\/\/boutique-neya.com\/shop\/?page_id=815"},"modified":"2024-03-03T15:01:11","modified_gmt":"2024-03-03T14:01:11","slug":"contact-boutique-neya","status":"publish","type":"page","link":"https:\/\/boutique-neya.com\/shop\/contact-boutique-neya\/","title":{"rendered":"Contact &#8211; Boutique Neya"},"content":{"rendered":"\n<div class=\"slider-wrapper relative\" id=\"slider-90345001\" >\n    <div class=\"slider slider-nav-circle slider-nav-large slider-nav-light slider-style-normal\"\n        data-flickity-options='{\n            \"cellAlign\": \"center\",\n            \"imagesLoaded\": true,\n            \"lazyLoad\": 1,\n            \"freeScroll\": false,\n            \"wrapAround\": true,\n            \"autoPlay\": 6000,\n            \"pauseAutoPlayOnHover\" : true,\n            \"prevNextButtons\": true,\n            \"contain\" : true,\n            \"adaptiveHeight\" : true,\n            \"dragThreshold\" : 10,\n            \"percentPosition\": true,\n            \"pageDots\": true,\n            \"rightToLeft\": false,\n            \"draggable\": true,\n            \"selectedAttraction\": 0.1,\n            \"parallax\" : 0,\n            \"friction\": 0.6        }'\n        >\n        \n\n\n  <div class=\"banner has-hover\" id=\"banner-670251055\">\n          <div class=\"banner-inner fill\">\n        <div class=\"banner-bg fill\" >\n            <div class=\"bg fill bg-fill \"><\/div>\n                        <div class=\"overlay\"><\/div>            \n                    <\/div>\n        <div class=\"banner-layers container\">\n            <div class=\"fill banner-link\"><\/div>            \n\n   <div id=\"text-box-282026570\" class=\"text-box banner-layer x50 md-x50 lg-x50 y50 md-y50 lg-y50 res-text\">\n                     <div data-animate=\"flipInY\">           <div class=\"text dark\">\n              \n              <div class=\"text-inner text-center\">\n                  \n<h3 class=\"alt-font\">Bienvenue dans la<\/h3>\n<h2 class=\"h-large uppercase\"><strong>Boutique Artisanale NEYA<\/strong><\/h2>\n<div class=\"is-divider divider clearfix\" ><\/div>\n<h2 class=\"uppercase\">Produits 100% faits main<\/h2>\n<div class=\"is-divider divider clearfix\" ><\/div>\n\n<a href=\"https:\/\/boutique-neya.com\/shop\/categorie-produit\/bougies-parfumees\/\" target=\"_self\" class=\"button white is-outline\"  >\n    <span>Nos Bougies Parfum\u00e9es<\/span>\n  <\/a>\n\n\n<a href=\"https:\/\/boutique-neya.com\/shop\/categorie-produit\/brumes-dambiance\/\" target=\"_self\" class=\"button white is-outline\"  >\n    <span>Nos Brumes d'ambiance<\/span>\n  <\/a>\n\n\n<a href=\"https:\/\/boutique-neya.com\/shop\/categorie-produit\/diffuseurs-de-parfum\/\" target=\"_self\" class=\"button white is-outline\"  >\n    <span>Nos Diffuseurs<\/span>\n  <\/a>\n\n\n<a href=\"https:\/\/boutique-neya.com\/shop\/categorie-produit\/chauffe-plats\/\" target=\"_self\" class=\"button white is-outline\"  >\n    <span>Nos Chauffe-plats<\/span>\n  <\/a>\n\n\n<a href=\"https:\/\/boutique-neya.com\/shop\/categorie-produit\/accessoires\/\" target=\"_self\" class=\"button white is-outline\"  >\n    <span>Nos Cires et Accessoires<\/span>\n  <\/a>\n\n\n              <\/div>\n           <\/div>\n       <\/div>                     \n<style>\n#text-box-282026570 {\n  width: 100%;\n}\n#text-box-282026570 .text {\n  font-size: 100%;\n}\n@media (min-width:550px) {\n  #text-box-282026570 {\n    width: 70%;\n  }\n}\n<\/style>\n    <\/div>\n \n\n        <\/div>\n      <\/div>\n\n            \n<style>\n#banner-670251055 {\n  padding-top: 600px;\n}\n#banner-670251055 .bg.bg-loaded {\n  background-image: url(..\/wp-content\/uploads\/2024\/02\/img_principale-800x400.jpg);\n}\n#banner-670251055 .overlay {\n  background-color: rgba(0, 0, 0, 0.02);\n}\n#banner-670251055 .bg {\n  background-position: 58% 63%;\n}\n<\/style>\n  <\/div>\n\n\n\n     <\/div>\n\n     <div class=\"loading-spin dark large centered\"><\/div>\n\n     <\/div>\n\n\n\n<div class=\"row row-max-width:1200px;\"  id=\"row-1355345524\">\n\t<h2 class=\"h-large uppercase\" style=\"color:#D88560;text-align:center;font-size:2rem\">Une question ? Contactez-nous !<\/h2>\n\t\n\t<div id=\"col-421252508\" class=\"col medium-12 large-12\"  >\n\t\t<div class=\"col-inner\"  >\n\t\t\t\n\t\t\t\n\t\t<h3>En boutique<\/h3>\n\t\tN&rsquo;h\u00e9sitez pas \u00e0 venir nous rendre visite dans notre atelier\/boutique situ\u00e9 36 Rue Bouffard \u00e0 Bordeaux. Nous serons ravis de vous renseigner et de r\u00e9pondre \u00e0 vos questions.\n\t\t\t<\/div>\n\t\t\t<\/div>\n\n\t\n\t\n\t<div id=\"col-228465853\" class=\"col medium-12 large-12\"  >\n\t\t<div class=\"col-inner\"  >\n\t\t\t\n\t\t\t\n\t\t<h3>Formulaire de contact<\/h3>\n\t\t\n<div class=\"wpcf7 no-js\" id=\"wpcf7-f819-o1\" lang=\"fr-FR\" dir=\"ltr\" data-wpcf7-id=\"819\">\n<div class=\"screen-reader-response\"><p role=\"status\" aria-live=\"polite\" aria-atomic=\"true\"><\/p> <ul><\/ul><\/div>\n<form action=\"\/shop\/wp-json\/wp\/v2\/pages\/815#wpcf7-f819-o1\" method=\"post\" class=\"wpcf7-form init\" aria-label=\"Formulaire de contact\" novalidate=\"novalidate\" data-status=\"init\">\n<div style=\"display: none;\">\n<input type=\"hidden\" name=\"_wpcf7\" value=\"819\" \/>\n<input type=\"hidden\" name=\"_wpcf7_version\" value=\"6.0\" \/>\n<input type=\"hidden\" name=\"_wpcf7_locale\" value=\"fr_FR\" \/>\n<input type=\"hidden\" name=\"_wpcf7_unit_tag\" value=\"wpcf7-f819-o1\" \/>\n<input type=\"hidden\" name=\"_wpcf7_container_post\" value=\"0\" \/>\n<input type=\"hidden\" name=\"_wpcf7_posted_data_hash\" value=\"\" \/>\n<input type=\"hidden\" name=\"_wpcf7_recaptcha_response\" value=\"\" \/>\n<\/div>\n<p><label> Votre nom<br \/>\n<span class=\"wpcf7-form-control-wrap\" data-name=\"your-name\"><input size=\"40\" maxlength=\"400\" class=\"wpcf7-form-control wpcf7-text wpcf7-validates-as-required\" autocomplete=\"name\" aria-required=\"true\" aria-invalid=\"false\" value=\"\" type=\"text\" name=\"your-name\" \/><\/span> <\/label>\n<\/p>\n<p><label> Votre e-mail<br \/>\n<span class=\"wpcf7-form-control-wrap\" data-name=\"your-email\"><input size=\"40\" maxlength=\"400\" class=\"wpcf7-form-control wpcf7-email wpcf7-validates-as-required wpcf7-text wpcf7-validates-as-email\" autocomplete=\"email\" aria-required=\"true\" aria-invalid=\"false\" value=\"\" type=\"email\" name=\"your-email\" \/><\/span> <\/label>\n<\/p>\n<p><label> Objet<br \/>\n<span class=\"wpcf7-form-control-wrap\" data-name=\"your-subject\"><input size=\"40\" maxlength=\"400\" class=\"wpcf7-form-control wpcf7-text wpcf7-validates-as-required\" aria-required=\"true\" aria-invalid=\"false\" value=\"\" type=\"text\" name=\"your-subject\" \/><\/span> <\/label>\n<\/p>\n<p><label> Votre message<br \/>\n<span class=\"wpcf7-form-control-wrap\" data-name=\"your-message\"><textarea cols=\"40\" rows=\"10\" maxlength=\"2000\" class=\"wpcf7-form-control wpcf7-textarea wpcf7-validates-as-required\" aria-required=\"true\" aria-invalid=\"false\" name=\"your-message\"><\/textarea><\/span> <\/label>\n<\/p>\n<p><input class=\"wpcf7-form-control wpcf7-submit has-spinner\" type=\"submit\" value=\"Envoyer\" \/>\n<\/p><p style=\"display: none !important;\" class=\"akismet-fields-container\" data-prefix=\"_wpcf7_ak_\"><label>&#916;<textarea name=\"_wpcf7_ak_hp_textarea\" cols=\"45\" rows=\"8\" maxlength=\"100\"><\/textarea><\/label><input type=\"hidden\" id=\"ak_js_1\" name=\"_wpcf7_ak_js\" value=\"82\"\/><script type=\"text\/javascript\">\n\/* <![CDATA[ *\/\ndocument.getElementById( \"ak_js_1\" ).setAttribute( \"value\", ( new Date() ).getTime() );\n\/* ]]> *\/\n<\/script>\n<\/p><div class=\"wpcf7-response-output\" aria-hidden=\"true\"><\/div>\n<\/form>\n<\/div>\n\n\t\t\t<\/div>\n\t\t\t<\/div>\n\n\t\n<\/div>\n","protected":false},"excerpt":{"rendered":"","protected":false},"author":1,"featured_media":0,"parent":0,"menu_order":0,"comment_status":"closed","ping_status":"closed","template":"","meta":{"footnotes":""},"class_list":["post-815","page","type-page","status-publish","hentry"],"_links":{"self":[{"href":"https:\/\/boutique-neya.com\/shop\/wp-json\/wp\/v2\/pages\/815","targetHints":{"allow":["GET"]}}],"collection":[{"href":"https:\/\/boutique-neya.com\/shop\/wp-json\/wp\/v2\/pages"}],"about":[{"href":"https:\/\/boutique-neya.com\/shop\/wp-json\/wp\/v2\/types\/page"}],"author":[{"embeddable":true,"href":"https:\/\/boutique-neya.com\/shop\/wp-json\/wp\/v2\/users\/1"}],"replies":[{"embeddable":true,"href":"https:\/\/boutique-neya.com\/shop\/wp-json\/wp\/v2\/comments?post=815"}],"version-history":[{"count":8,"href":"https:\/\/boutique-neya.com\/shop\/wp-json\/wp\/v2\/pages\/815\/revisions"}],"predecessor-version":[{"id":826,"href":"https:\/\/boutique-neya.com\/shop\/wp-json\/wp\/v2\/pages\/815\/revisions\/826"}],"wp:attachment":[{"href":"https:\/\/boutique-neya.com\/shop\/wp-json\/wp\/v2\/media?parent=815"}],"curies":[{"name":"wp","href":"https:\/\/api.w.org\/{rel}","templated":true}]}}